41
What is -1043111 (base 8) in base 12?
-116149
Convert 212300033 (base 4) to base 3.
22001202002
Convert 99736 (base 11) to base 6.
3033334
Convert 640350 (base 7) to base 3.
12121202100
Convert 12023123132 (base 4) to base 13.
4492b8
Convert 2578538 (base 9) to base 15.
1ccd1b
What is 37917 (base 12) in base 8?
223543
What is -16231 (base 8) in base 4?
-1302121
58e0e4 (base 16) to base 7
100336515
-1051144 (base 6) to base 5
-3202131
-11122022222220 (base 3) to base 6
-124512553
Convert -338802 (base 9) to base 5.
-23001222
4a5bb (base 16) to base 9
513712
Convert 1225352 (base 9) to base 13.
1a4548
What is -30033523 (base 6) in base 11?
-527573
Convert 43551505 (base 7) to base 9.
7035414
-74822 (base 9) to base 16
-c167
What is 20201222011202 (base 3) in base 10?
3581705
What is 75dbe (base 15) in base 11?
236292
What is 102121222 (base 4) in base 14?
1d678
What is -76ab08 (base 14) in base 6?
-222133352
What is -6a3989 (base 11) in base 8?
-4207307
Convert 11952 (base 12) to base 7.
126311
What is 6f06e (base 16) in base 5?
104023031
12130123 (base 5) to base 12
56265
What is 7a678 (base 13) in base 14?
5b3b4
What is -186548 (base 16) in base 5?
-402130132
What is -21203120 (base 4) in base 7?
-222035
What is 10370c (base 14) in base 6?
15422240
What is 32301321 (base 7) in base 12?
b0b499
Convert 113615215 (base 7) to base 5.
3300440414
-1110000011011110010 (base 2) to base 5
-104214110
Convert -3333300332 (base 4) to base 8.
-3776076
Convert 122011011110 (base 3) to base 13.
ba8bb
What is 47b894 (base 12) in base 15?
17ddd7
What is -1000110100100001000 (base 2) in base 7?
-2312442
What is 381035 (base 9) in base 2?
111000001111111100
Convert -1233341123 (base 5) to base 4.
-23203023033
What is 11212010011 (base 4) in base 10?
1466629
What is -140213220 (base 5) in base 11?
-445840
Convert 7d9b3 (base 14) to base 3.
120120110001
What is 155166 (base 7) in base 15?
9119
What is 3040d (base 16) in base 15?
3d865
What is -b2185b (base 13) in base 16?
-3f3f4a
Convert -313022031 (base 4) to base 3.
-102110220220
What is -138726 (base 12) in base 10?
-325902
What is -55142211 (base 6) in base 3?
-10002122110221
What is -1370469 (base 10) in base 7?
-14435352
What is 16385671 (base 9) in base 6?
451512101
What is 102212 (base 8) in base 13?
125a0
What is -d2d6b (base 15) in base 3?
-1020221012002
Convert 11584274 (base 9) to base 5.
2422242123
Convert -2331213021 (base 4) to base 7.
-6413166
What is -22112523 (base 6) in base 4?
-2201311203
Convert -10020220200 (base 3) to base 7.
-354564
What is 1110001010001011100 (base 2) in base 16?
7145c
-1322121 (base 5) to base 10
-26536
-328745 (base 11) to base 16
-7fecb
Convert 25155132 (base 6) to base 3.
1112002010002
-2e4b4 (base 16) to base 13
-68402
29a967 (base 16) to base 6
134304251
Convert -202201011102 (base 3) to base 5.
-101021010
1210023200 (base 4) to base 6
12443412
What is 44135004 (base 6) in base 4?
11002003030
-100258 (base 10) to base 12
-4a02a
-3879982 (base 11) to base 16
-668510
What is -4006540 (base 9) in base 15?
-2c1439
2127207 (base 8) to base 6
20110035
Convert -8709377 (base 10) to base 2.
-100001001110010100000001
Convert 2be99 (base 16) to base 3.
100010201200
-178d9d (base 14) to base 15
-116500
What is -128775 (base 11) in base 14?
-53822
Convert -22211220010010 (base 3) to base 5.
-2200432014
-5253214 (base 6) to base 14
-6944a
-1000214 (base 6) to base 8
-133222
Convert 415541 (base 6) to base 16.
8395
Convert 14c73 (base 15) to base 16.
10575
What is 3244297 (base 11) in base 5?
2424413041
-11100111010100100010 (base 2) to base 15
-13ab10
What is 11010010111100010010 (base 2) in base 9?
1556180
Convert -b51814 (base 15) to base 3.
-121012111200101
Convert 2004302204 (base 5) to base 11.
2278064
What is -100041131 (base 5) in base 3?
-201222111100
Convert a9898 (base 12) to base 14.
5b9ac
What is -31123320 (base 4) in base 14?
-160ac
-4251321 (base 6) to base 12
-a0b41
What is -10000101010101 (base 2) in base 4?
-2011111
100b9ac (base 14) to base 3
112020011121121
-5c0198 (base 13) to base 7
-24460340
What is 112011121220 (base 3) in base 12?
115506
Convert -301d10 (base 15) to base 7.
-25263114
-99513e (base 16) to base 3
-200220110222222
Convert 201130130132 (base 4) to base 7.
134343350
Convert 5050414 (base 8) to base 6.
44312112
Convert 37b26 (base 12) to base 11.
52047
Convert -21120212032 (base 4) to base 8.
-11304616
What is 433525 (base 6) in base 3?
1211011022
What is -306132 (base 15) in base 11?
-133000a
Convert -1324102413 (base 6) to base 10.
-15871401
Convert 1b5401 (base 13) to base 10.
697126
554345101 (base 6) to base 5
10030422023
2a4102 (base 13) to base 15
15748a
Convert -11300322 (base 4) to base 11.
-16814
-2214405 (base 6) to base 3
-12122111112
Convert 39217 (base 13) to base 2.
11001110101010110
What is 13004042 (base 7) in base 9?
2184678
-323c0 (base 14) to base 6
-2334244
Convert -5692bb (base 15) to base 5.
-2024203001
Convert -12420333 (base 5) to base 16.
-1e152
20130213103 (base 4) to base 12
8a9557
Convert -2861940 (base 12) to base 7.
-125523222
What is 531481 (base 12) in base 8?
4774141
What is 67a372 (base 11) in base 9?
2028867
46401b (base 14) to base 11
1394817
-10000011000001111000 (base 2) to base 16
-83078
3b563b (base 13) to base 11
8a3a71
Convert -46430 (base 7) to base 5.
-340004
What is -183991 (base 14) in base 6?
-30155335
What is 40422234 (base 5) in base 12?
138ba1
What is 33120103 (base 4) in base 7?
351442
4200240 (base 5) to base 3
10111101220
Convert -1d96c (base 14) to base 3.
-10212011220
1b29ba (base 13) to base 14
140032
What is -40166 (base 14) in base 8?
-454536
What is 1330241441 (base 5) in base 10?
3368371
Convert 231335 (base 12) to base 14.
108ba1
Convert -43621034 (base 8) to base 7.
-142506022
What is 144402442 (base 5) in base 8?
2760401
What is -141abd3 (base 15) in base 13?
-3012a7a
609120 (base 10) to base 15
c0730
Convert -728531 (base 9) to base 7.
-3451414
-4534b (base 12) to base 13
-32ba9
What is 120a24 (base 16) in base 6?
41201204
191804 (base 11) to base 2
1001000000011010011
Convert 3440441134 (base 5) to base 9.
15521334
142469 (base 10) to base 9
236378
-110120022020112 (base 3) to base 16
-65e811
Convert 19365ab (base 13) to base 7.
130164552
-112001011202 (base 3) to base 4
-1003133003
Convert 3a8015 (base 11) to base 7.
5304360
Convert 3045015 (base 7) to base 6.
11450250
What is -418166 (base 11) in base 3?
-1021000122012
What is 321663 (base 8) in base 15?
21c7d
What is 2960e4 (base 16) in base 8?
12260344
24421431 (base 6) to base 2
10111110100100011011
Convert -10000100000100010111000 (base 2) to base 9.
-8125323
What is 78aac9 (base 13) in base 16?
2b8224
12213300112 (base 4) to base 7
20516233
What is -120000010202121 (base 3) in base 9?
-16003677
What is 1a5e2a (base 15) in base 4?
10321320322
-3132432 (base 5) to base 14
-15078
-2705320 (base 8) to base 7
-6300225
-118a817 (base 11) to base 3
-10212212022210
What is -2344b3b (base 13) in base 15?
-e525c8
Convert -2ba5e (base 16) to base 2.
-101011101001011110
Convert 207c (base 16) to base 10.
8316
What is 41556556 (base 8) in base 11?
4a9755a
-1956a4 (base 11) to base 8
-1112433
-5617 (base 12) to base 11
-7178
Convert 18c19 (base 16) to base 13.
37201
What is 140a08 (base 12) in base 5?
41130344
What is 59402 (base 12) in base 2?
11101010000000010
Convert -15179605 (base 10) to base 13.
-31b631c
What is 21342202 (base 5) in base 4?
230323310
What is 1312054021 (base 6) in base 8?
73073675
Convert 1102ca (base 14) to base 4.
2030310222
-44ade1 (base 15) to base 10
-3276886
Convert 1022312320200 (base 4) to base 8.
112667040
-4050063 (base 10) to base 5
-2014100223
-1023410242 (base 5) to base 3
-11002012220220
Convert -12210021100020 (base 3) to base 7.
-35100432
What is -453434310 (base 6) in base 14?
-115c8a6
Convert -1551520 (base 8) to base 15.
-8c80c
Convert -98aa0b (base 12) to base 14.
-4715c7
-44708 (base 13) to base 4
-132110333
-213459 (base 13) to base 16
-be0f8
-10043540 (base 8) to base 5
-1020143144
-13a8140 (base 11) to base 5
-1104140222
253017 (base 9) to base 4
211120102
What is -1100101010000111001 (base 2) in base 5?
-101233102
276545 (base 11) to base 15
8856e
5d120c (base 14) to base 5
13041132